{"id":39,"date":"2020-08-13T07:49:28","date_gmt":"2020-08-13T07:49:28","guid":{"rendered":"http:\/\/naturlov.dk\/?page_id=39"},"modified":"2020-08-20T10:12:47","modified_gmt":"2020-08-20T10:12:47","slug":"sagsbehandling","status":"publish","type":"page","link":"https:\/\/naturlov.dk\/index.php\/sagsbehandling\/","title":{"rendered":"Sagsbehandling"},"content":{"rendered":"\n<p style=\"font-size:22px\">NaturLov tilbyder sagsbehandling indenfor blandt andet nedenst\u00e5ende omr\u00e5der:<\/p>\n\n\n\n<p><\/p>\n\n\n\n<ul><li>Naturbeskyttelseslovens \u00a73<\/li><li>Offentlighedens adgang til naturen<\/li><li>Skovrejsning<\/li><li>Vandl\u00f8bsloven<\/li><li>Bek\u00e6mpelse af k\u00e6mpebj\u00f8rneklo<\/li><li>Udh\u00e6ngende beplantning langs veje<\/li><li>Genopdyrkningsret<\/li><li>Milj\u00f8konsekvensvurderinger (VVM)<\/li><li>Natura 2000 v\u00e6sentligheds- og konsekvensvurderinger<\/li><li>Bygge- og beskyttelseslinjer<\/li><\/ul>\n","protected":false},"excerpt":{"rendered":"<p>NaturLov tilbyder sagsbehandling indenfor blandt andet nedenst\u00e5ende omr\u00e5der: Naturbeskyttelseslovens \u00a73 Offentlighedens adgang til naturen Skovrejsning Vandl\u00f8bsloven Bek\u00e6mpelse af k\u00e6mpebj\u00f8rneklo Udh\u00e6ngende [&hellip;]<\/p>\n","protected":false},"author":1,"featured_media":0,"parent":0,"menu_order":0,"comment_status":"closed","ping_status":"closed","template":"","meta":[],"yoast_head":"<!-- This site is optimized with the Yoast SEO plugin v14.7 - https:\/\/yoast.com\/wordpress\/plugins\/seo\/ -->\n<title>Sagsbehandling -<\/title>\n<meta name=\"robots\" content=\"index, follow\" \/>\n<meta name=\"googlebot\" content=\"index, follow, max-snippet:-1, max-image-preview:large, max-video-preview:-1\" \/>\n<meta name=\"bingbot\" content=\"index, follow, max-snippet:-1, max-image-preview:large, max-video-preview:-1\" \/>\n<link rel=\"canonical\" href=\"http:\/\/naturlov.dk\/index.php\/sagsbehandling\/\" \/>\n<meta property=\"og:locale\" content=\"en_US\" \/>\n<meta property=\"og:type\" content=\"article\" \/>\n<meta property=\"og:title\" content=\"Sagsbehandling -\" \/>\n<meta property=\"og:description\" content=\"NaturLov tilbyder sagsbehandling indenfor blandt andet nedenst\u00e5ende omr\u00e5der: Naturbeskyttelseslovens \u00a73 Offentlighedens adgang til naturen Skovrejsning Vandl\u00f8bsloven Bek\u00e6mpelse af k\u00e6mpebj\u00f8rneklo Udh\u00e6ngende [&hellip;]\" \/>\n<meta property=\"og:url\" content=\"http:\/\/naturlov.dk\/index.php\/sagsbehandling\/\" \/>\n<meta property=\"article:modified_time\" content=\"2020-08-20T10:12:47+00:00\" \/>\n<meta property=\"og:image\" content=\"https:\/\/naturlov.dk\/wp-content\/uploads\/2020\/08\/MG_9743-1.jpg\" \/>\n\t<meta property=\"og:image:width\" content=\"1000\" \/>\n\t<meta property=\"og:image:height\" content=\"1499\" \/>\n<meta name=\"twitter:card\" content=\"summary_large_image\" \/>\n<script type=\"application\/ld+json\" class=\"yoast-schema-graph\">{\"@context\":\"https:\/\/schema.org\",\"@graph\":[{\"@type\":\"WebSite\",\"@id\":\"https:\/\/naturlov.dk\/#website\",\"url\":\"https:\/\/naturlov.dk\/\",\"name\":\"\",\"description\":\"\",\"potentialAction\":[{\"@type\":\"SearchAction\",\"target\":\"https:\/\/naturlov.dk\/?s={search_term_string}\",\"query-input\":\"required name=search_term_string\"}],\"inLanguage\":\"en-US\"},{\"@type\":\"WebPage\",\"@id\":\"http:\/\/naturlov.dk\/index.php\/sagsbehandling\/#webpage\",\"url\":\"http:\/\/naturlov.dk\/index.php\/sagsbehandling\/\",\"name\":\"Sagsbehandling -\",\"isPartOf\":{\"@id\":\"https:\/\/naturlov.dk\/#website\"},\"datePublished\":\"2020-08-13T07:49:28+00:00\",\"dateModified\":\"2020-08-20T10:12:47+00:00\",\"inLanguage\":\"en-US\",\"potentialAction\":[{\"@type\":\"ReadAction\",\"target\":[\"http:\/\/naturlov.dk\/index.php\/sagsbehandling\/\"]}]}]}<\/script>\n<!-- \/ Yoast SEO plugin. -->","_links":{"self":[{"href":"https:\/\/naturlov.dk\/index.php\/wp-json\/wp\/v2\/pages\/39"}],"collection":[{"href":"https:\/\/naturlov.dk\/index.php\/wp-json\/wp\/v2\/pages"}],"about":[{"href":"https:\/\/naturlov.dk\/index.php\/wp-json\/wp\/v2\/types\/page"}],"author":[{"embeddable":true,"href":"https:\/\/naturlov.dk\/index.php\/wp-json\/wp\/v2\/users\/1"}],"replies":[{"embeddable":true,"href":"https:\/\/naturlov.dk\/index.php\/wp-json\/wp\/v2\/comments?post=39"}],"version-history":[{"count":25,"href":"https:\/\/naturlov.dk\/index.php\/wp-json\/wp\/v2\/pages\/39\/revisions"}],"predecessor-version":[{"id":460,"href":"https:\/\/naturlov.dk\/index.php\/wp-json\/wp\/v2\/pages\/39\/revisions\/460"}],"wp:attachment":[{"href":"https:\/\/naturlov.dk\/index.php\/wp-json\/wp\/v2\/media?parent=39"}],"curies":[{"name":"wp","href":"https:\/\/api.w.org\/{rel}","templated":true}]}}